r.
10
Let v be (-1834)/(-70) - (-2)/(-10). What is the greatest common factor of 156 and v?
26
Let t = -26 - -17. Let u = t + 13. What is the greatest common factor of 2 and u?
2
Suppose 8 = -0*o + 2*o. What is the greatest common divisor of o and 2?
2
Let j = 2 + 1. Suppose 320 = 5*l + j*s - 2*s, -s + 255 = 4*l. Let v = 88 + -62. Calculate the highest common divisor of l and v.
13
Let t(i) = -i**3 + 2*i - 1. Let j be t(0). Let o be 4/(j - 3) + 7. Calculate the greatest common divisor of 18 and o.
6
Suppose q + 148 = 5*q - 2*l, 4*q = l + 146. Calculate the greatest common divisor of q and 48.
12
Suppose -3*v - g + 59 = 0, -87 + 23 = -3*v + 4*g. Calculate the greatest common factor of v and 50.
10
Suppose 0 = 4*p + 6*p - 520. What is the highest common factor of p and 13?
13
Let j be (8/(-3))/(3/(-18)). Suppose -12 = -3*v + o + j, 4*o - 48 = -4*v. Calculate the greatest common factor of 40 and v.
10
Suppose q - 2*q + 5 = 0, -100 = -2*x - 4*q. What is the highest common divisor of 16 and x?
8
Let c be 5 - 8 - -7*1. Suppose -c*g + 3*g + 80 = 0. What is the greatest common factor of g and 32?
16
Let o(x) = 22*x**2 + 3*x + 2. Let p be o(-2). Let k(n) = n**2 + 13*n + 1. Let f be k(-10). Let h = f - -41. What is the highest common divisor of h and p?
12
Suppose 0*m + k + 14 = 4*m, -4 = 2*k. What is the highest common factor of m and 24?
3
Let h be ((-34)/4)/((-1)/2). What is the greatest common divisor of h and 51?
17
Let s(r) = r + 70. Suppose 0 = 4*t - 4*c + c + 3, -4*t + 2*c - 2 = 0. Let d be s(t). Calculate the highest common divisor of d and 28.
14
Let j = -1 - -5. Suppose -4*x = -2*h - 134, h + 139 = j*x - 0*h. Calculate the greatest common divisor of 9 and x.
9
Let t(i) = -i**2 + 17*i + 10. Let o be t(16). Suppose -12 + 116 = j - 4*c, 0 = 3*j + 5*c - 312. What is the highest common factor of o and j?
26
Let h(w) = w**2 + 5*w + 15. Let m be h(-6). What is the highest common factor of 84 and m?
21
Suppose 4*y - 68 = -2*c, -3*c = -5*y - 0*c + 107. What is the greatest common factor of y and 171?
19
Let m(k) = k**3 + 9*k**2 + 10*k + 7. Let v be m(-6). What is the greatest common factor of v and 5?
5
Suppose a + 2*f - 11 = 3, -f + 1 = 0. What is the greatest common factor of a and 276?
12
Suppose r - 4 - 6 = 0. Suppose 26 = 3*m - r. Calculate the greatest common divisor of 36 and m.
12
Let f(n) = 13*n - 9. Let v be f(18). Calculate the highest common divisor of v and 25.
25
Let j be (-1)/4 - (-47)/(-4). Let k be (-54)/j + (-2)/4. Suppose 3*q - 69 = -k*f, -4*f - 12 = -0*f. What is the greatest common divisor of q and 9?
9
Suppose 0 = 3*d - 7*d + 20. Let s = d - 2. Calculate the greatest common divisor of 33 and s.
3
Let i(m) = -2*m + 1. Let b be i(5). Let l be (-14)/21*b/2. Calculate the highest common divisor of l and 15.
3
Suppose 3*u - 4*s - 144 = -9*s, -2*s - 240 = -5*u. Suppose -3*a - u = -5*a. Calculate the highest common factor of a and 96.
24
Let a be 4*(15/6 + -2). Suppose -12 = -a*g - 2. Calculate the greatest common divisor of g and 1.
1
Suppose 0 = 5*i + 3*d - 100, -3*i + 5*i - 4*d - 66 = 0. Calculate the highest common divisor of i and 23.
23
Suppose -2*z - 126 = -4*z. Suppose -2*k + 56 = 14. Calculate the highest common divisor of k and z.
21
Let u be (-28)/182 + 118/26*4. What is the greatest common factor of 9 and u?
9
Let a(x) = 2*x**2 - 2*x + 1. Let r be a(-3). What is the greatest common divisor of 125 and r?
25
Let s(r) = r + 1. Let n be s(-5). Let j be (-13)/n + (-1)/4. Suppose -5*z = -4*h + 6 + 15, -h + j = -2*z. Calculate the greatest common divisor of 45 and h.
9
Let x(q) = q**2 - 4. Let t be x(3). Calculate the greatest common divisor of 10 and t.
5
Suppose -3*j = -5*j. Suppose j*l - 55 = -5*l. Suppose f + f = 2. Calculate the greatest common factor of l and f.
1
Suppose 2*a + 119 = 3*u, 7*a = 2*a - 20. Calculate the highest common divisor of 111 and u.
37
Let y(h) = -h**2 + 10*h + 5. Let v be y(10). Calculate the greatest common factor of 5 and v.
5
Let o be -13*((0 - -2) + -4). Let h = 0 + 2. Suppose h*r + 60 = i + 3*i, 3*i = -2*r + 31. What is the greatest common factor of i and o?
13
Let s = -30 - -32. Let n(p) = p**3 - 5*p**2 - 3*p - 4. Let t be n(6). Calculate the highest common factor of t and s.
2
Suppose 2*r - 14 - 2 = 0. Let f = r + -2. Calculate the highest common divisor of 4 and f.
2
Suppose 5*z - 10 - 44 = -2*d, -z - 189 = -5*d. Suppose d + 43 = 5*x. What is the greatest common divisor of 16 and x?
16
Let d(f) = -23*f**3 + f**2 - f - 1. Let h be d(-1). Calculate the greatest common factor of 36 and h.
12
Suppose -48 = -3*j - 0*j. Suppose -4*v + 30 = -94. Let k = v - -1. Calculate the greatest common divisor of j and k.
16
Let t = -71 + 225. What is the greatest common factor of 14 and t?
14
Suppose -5*s + 14 = 2*q, 2*s = s + 2*q - 2. Suppose -2*w = -w - 14. Calculate the greatest common divisor of s and w.
2
Let k be (-5)/(15/(-24))*8. Suppose -12 = -5*f + 28. Calculate the highest common divisor of f and k.
8
Let w = -1 + 2. Let p = w - -4. Calculate the greatest common divisor of 5 and p.
5
Let f = 67 + 9. Calculate the highest common factor of f and 114.
38
Let b(j) = -j**3 + j**2 + j + 9. Let g be b(0). What is the highest common factor of g and 36?
9
Let q = -88 + 108. Calculate the highest common divisor of q and 40.
20
Let b be (2/((-16)/(-20)))/((-3)/(-96)). Calculate the greatest common factor of b and 16.
16
Let q(f) = 3*f**3 - f**2 + 2. Let k be q(2). Let w = 95 + -28. Let n = w - 45. Calculate the highest common factor of n and k.
22
Let r(v) = -v + 319. Suppose 0 = j + 2*s + 2, -5*j + 2*s - 1 + 3 = 0. Let z be r(j). What is the greatest common factor of z and 29?
29
Let b be -2 - -11 - (-2 + 2). Let a be (32/6)/(6/b). What is the highest common factor of 88 and a?
8
Let i(c) = c**3 + 5*c**2 - 2*c - 6. Suppose 2*k = 3*o + 13, 5*o + k + 7 = -19. Let l be i(o). What is the greatest common divisor of 10 and l?
2
Let d = 8 + -5. Suppose c + d = 6. What is the greatest common factor of c and 27?
3
Suppose 3*r = 6, -3*x - 5*r - 5 - 3 = 0. Let m be (-113)/(-6) - 1/x. Calculate the highest common divisor of 19 and m.
19
Let a(c) be the first derivative of 4*c**3/3 + c - 3. Let y be a(2). Calculate the greatest common factor of 85 and y.
17
Suppose -2*w + 59 = -37. Suppose -2*k = -4*k + w. Suppose -m = -5*q - 1, q + 2*q - 41 = -2*m. Calculate the greatest common factor of k and m.
8
Let u(d) = -37*d + 4. Let l be u(-5). Suppose 4*t = -4*m - 196, -3*t - 5*m - 142 = -3*m. Let h = t + 65. What is the highest common factor of l and h?
21
Let w(p) = -3*p + 1. Let j be w(-2). Calculate the greatest common divisor of j and 35.
7
Suppose -v + 5 = 0, -2*t - v + 2*v + 519 = 0. Suppose -5*s + 23 + t = 0. Calculate the greatest common factor of s and 19.
19
Suppose -5*g + 34 - 11 = -2*u, 4*g = -3*u. Let t(l) = -l**2 - 10*l + 14. Let h be t(-11). What is the greatest common factor of g and h?
3
Suppose -4*m + 68 = 4*s, 4*s = -5*m + 3*s + 73. What is the highest common divisor of 2 and m?
2
Let g(j) = j**2 - 11*j + 2. Let a be g(12). Calculate the highest common factor of a and 28.
14
Let o(p) = -p**2 + 9*p + 3. Let h be o(7). Let c = -8 + h. Suppose 0 = -3*f + 4*f - c. Calculate the highest common divisor of f and 81.
9
Suppose 0 = -3*d + 2*d + 36. Suppose 18 = -4*o + 2*t - 38, -21 = o - 4*t. Let n = -7 - o. What is the greatest common divisor of n and d?
6
Let b be ((-20)/6)/((-2)/(-21)). Let s = b - -70. What is the highest common divisor of s and 7?
7
Let s(w) = w**2 + 6*w - 2. Let p be (21/12)/(1/(-4)). Let o be s(p). Let t be 77/2 + o/10. What is the greatest common divisor of 13 and t?
13
Suppose -2*k - 4 = -b, -14 = -5*b - 5*k + 36. What is the highest common divisor of b and 16?
8
Let d(c) = -50*c**3 - c**2 + c. Let o be d(1). Let y = -74 - o. Let l = 37 + y. Calculate the greatest common divisor of l and 13.
13
Let n(h) = 13 + 15 - 21 + h. Let k be n(-7). Suppose -i + 27 = -k. Calculate the highest common factor of i and 9.
9
Let j = -3 - -5. Let q be j + (-2)/6*-3. Suppose -f = -q*k - 12, -5*f - k = -0 - 12. What is the highest common factor of 9 and f?
3
Let c be 14 - (3 - (0 - -1)). Suppose -2*p - 16 = -6*p. Suppose p = 4*m - 92. What is the greatest common divisor of m and c?
12
Suppose 2*x = 42 + 18. W